{"id":272,"date":"2019-07-05T08:11:59","date_gmt":"2019-07-05T08:11:59","guid":{"rendered":"http:\/\/rarathemesdemo.com\/rara-business\/?page_id=272"},"modified":"2025-03-20T19:10:51","modified_gmt":"2025-03-20T18:10:51","slug":"contact","status":"publish","type":"page","link":"https:\/\/www.2jurister.se\/?page_id=272","title":{"rendered":"Contact"},"content":{"rendered":"\t\t<div data-elementor-type=\"wp-page\" data-elementor-id=\"272\" class=\"elementor elementor-272\">\n\t\t\t\t<div class=\"elementor-element elementor-element-d1e6406 e-flex e-con-boxed e-con e-parent\" data-id=\"d1e6406\" data-element_type=\"container\" data-settings=\"{&quot;background_background&quot;:&quot;slideshow&quot;,&quot;background_slideshow_gallery&quot;:[{&quot;id&quot;:27,&quot;url&quot;:&quot;https:\\\/\\\/www.2jurister.se\\\/wp-content\\\/uploads\\\/2024\\\/10\\\/kontakta.png&quot;}],&quot;background_slideshow_slide_duration&quot;:5000,&quot;background_slideshow_slide_transition&quot;:&quot;fade&quot;,&quot;background_slideshow_transition_duration&quot;:500}\">\n\t\t\t\t\t<div class=\"e-con-inner\">\n\t\t\t\t\t<\/div>\n\t\t\t\t<\/div>\n\t\t<div class=\"elementor-element elementor-element-3a27983 e-flex e-con-boxed e-con e-parent\" data-id=\"3a27983\" data-element_type=\"container\">\n\t\t\t\t\t<div class=\"e-con-inner\">\n\t\t\t\t<div class=\"elementor-element elementor-element-f43b4ec elementor-widget elementor-widget-text-editor\" data-id=\"f43b4ec\" data-element_type=\"widget\" data-widget_type=\"text-editor.default\">\n\t\t\t\t<div class=\"elementor-widget-container\">\n\t\t\t\t\t\t\t<h2 style=\"text-align: center;\" data-pm-slice=\"0 0 []\">V\u00e4lkommen att h\u00f6ra av dig!<\/h2><h4 style=\"text-align: center;\">Skicka ett meddelande s\u00e5 \u00e5terkommer vi n\u00e4sta arbetsdag.<\/h4><h4 style=\"text-align: center;\">Tillsammans reder vi ut om \u2013 och hur \u2013 vi kan hj\u00e4lpa dig.<\/h4>\t\t\t\t\t\t<\/div>\n\t\t\t\t<\/div>\n\t\t\t\t\t<\/div>\n\t\t\t\t<\/div>\n\t\t<div class=\"elementor-element elementor-element-6771156 e-grid e-con-boxed e-con e-parent\" data-id=\"6771156\" data-element_type=\"container\">\n\t\t\t\t\t<div class=\"e-con-inner\">\n\t\t\t\t<div class=\"elementor-element elementor-element-eefdc07 elementor-widget elementor-widget-text-editor\" data-id=\"eefdc07\" data-element_type=\"widget\" data-widget_type=\"text-editor.default\">\n\t\t\t\t<div class=\"elementor-widget-container\">\n\t\t\t\t\t\t\t\n<div class=\"wpcf7 no-js\" id=\"wpcf7-f782-p272-o1\" lang=\"sv-SE\" dir=\"ltr\" data-wpcf7-id=\"782\">\n<div class=\"screen-reader-response\"><p role=\"status\" aria-live=\"polite\" aria-atomic=\"true\"><\/p> <ul><\/ul><\/div>\n<form action=\"\/?page_id=272#wpcf7-f782-p272-o1\" method=\"post\" class=\"wpcf7-form init\" aria-label=\"Kontaktformul\u00e4r\" novalidate=\"novalidate\" data-status=\"init\">\n<fieldset class=\"hidden-fields-container\"><input type=\"hidden\" name=\"_wpcf7\" value=\"782\" \/><input type=\"hidden\" name=\"_wpcf7_version\" value=\"6.1.5\" \/><input type=\"hidden\" name=\"_wpcf7_locale\" value=\"sv_SE\" \/><input type=\"hidden\" name=\"_wpcf7_unit_tag\" value=\"wpcf7-f782-p272-o1\" \/><input type=\"hidden\" name=\"_wpcf7_container_post\" value=\"272\" \/><input type=\"hidden\" name=\"_wpcf7_posted_data_hash\" value=\"\" \/>\n<\/fieldset>\n<p><label> Ditt namn<br \/>\n<span class=\"wpcf7-form-control-wrap\" data-name=\"your-name\"><input size=\"40\" maxlength=\"400\" class=\"wpcf7-form-control wpcf7-text wpcf7-validates-as-required\" autocomplete=\"name\" aria-required=\"true\" aria-invalid=\"false\" value=\"\" type=\"text\" name=\"your-name\" \/><\/span> <\/label>\n<\/p>\n<p><label> Din e-post<br \/>\n<span class=\"wpcf7-form-control-wrap\" data-name=\"your-email\"><input size=\"40\" maxlength=\"400\" class=\"wpcf7-form-control wpcf7-email wpcf7-validates-as-required wpcf7-text wpcf7-validates-as-email\" autocomplete=\"email\" aria-required=\"true\" aria-invalid=\"false\" value=\"\" type=\"email\" name=\"your-email\" \/><\/span> <\/label>\n<\/p>\n<p><label> \u00c4mne<br \/>\n<span class=\"wpcf7-form-control-wrap\" data-name=\"your-subject\"><input size=\"40\" maxlength=\"400\" class=\"wpcf7-form-control wpcf7-text wpcf7-validates-as-required\" aria-required=\"true\" aria-invalid=\"false\" value=\"\" type=\"text\" name=\"your-subject\" \/><\/span> <\/label>\n<\/p>\n<p><label> Ditt meddelande (valfritt)<br \/>\n<span class=\"wpcf7-form-control-wrap\" data-name=\"your-message\"><textarea cols=\"40\" rows=\"10\" maxlength=\"2000\" class=\"wpcf7-form-control wpcf7-textarea\" aria-invalid=\"false\" name=\"your-message\"><\/textarea><\/span> <\/label>\n<\/p>\n<p><input class=\"wpcf7-form-control wpcf7-submit has-spinner\" type=\"submit\" value=\"Skicka\" \/>\n<\/p><div class=\"wpcf7-response-output\" aria-hidden=\"true\"><\/div>\n<\/form>\n<\/div>\n\t\t\t\t\t\t<\/div>\n\t\t\t\t<\/div>\n\t\t\t\t<div class=\"elementor-element elementor-element-5dca10a elementor-widget elementor-widget-text-editor\" data-id=\"5dca10a\" data-element_type=\"widget\" data-widget_type=\"text-editor.default\">\n\t\t\t\t<div class=\"elementor-widget-container\">\n\t\t\t\t\t\t\t<h1 style=\"text-align: center;\">KONTAKTA OSS<\/h1><p style=\"text-align: center;\">Peter@2jurister.se<br \/>Telefon: 0709 \u2013 917 368<\/p><p style=\"text-align: center;\">Mobile international: +46709917368<\/p><p style=\"text-align: center;\">Ruuthsbov\u00e4gen 8<br \/>271 91 Ystad<\/p><p style=\"text-align: center;\">Org.nr. 559093-3171<\/p>\t\t\t\t\t\t<\/div>\n\t\t\t\t<\/div>\n\t\t\t\t\t<\/div>\n\t\t\t\t<\/div>\n\t\t<div class=\"elementor-element elementor-element-d389642 e-flex e-con-boxed e-con e-parent\" data-id=\"d389642\" data-element_type=\"container\" data-settings=\"{&quot;background_background&quot;:&quot;classic&quot;}\">\n\t\t\t\t\t<div class=\"e-con-inner\">\n\t\t<div class=\"elementor-element elementor-element-c4e759f e-con-full e-flex e-con e-child\" data-id=\"c4e759f\" data-element_type=\"container\" data-settings=\"{&quot;background_background&quot;:&quot;classic&quot;}\">\n\t\t\t\t<div class=\"elementor-element elementor-element-fda4fda elementor-widget elementor-widget-text-editor\" data-id=\"fda4fda\" data-element_type=\"widget\" data-widget_type=\"text-editor.default\">\n\t\t\t\t<div class=\"elementor-widget-container\">\n\t\t\t\t\t\t\t<p style=\"text-align: center;\"><span style=\"color: #ffffff;\">PETER@2JURISTER.SE<\/span><\/p>\t\t\t\t\t\t<\/div>\n\t\t\t\t<\/div>\n\t\t\t\t<div class=\"elementor-element elementor-element-0406e07 elementor-widget elementor-widget-text-editor\" data-id=\"0406e07\" data-element_type=\"widget\" data-widget_type=\"text-editor.default\">\n\t\t\t\t<div class=\"elementor-widget-container\">\n\t\t\t\t\t\t\t<p style=\"text-align: center;\"><span style=\"color: #ffffff;\">2JURISTER AB \u2013 BYR\u00c5N F\u00d6R HELA LIVET\u00a0<\/span><\/p><p style=\"text-align: center;\"><span style=\"color: #ffffff;\">Telefon:<\/span><span style=\"color: #ffffff; font-family: var( --e-global-typography-text-font-family ), Sans-serif; font-weight: var( --e-global-typography-text-font-weight ); font-size: 1rem;\">\u00a0<\/span><a style=\"font-family: var( --e-global-typography-text-font-family ), Sans-serif; font-weight: var( --e-global-typography-text-font-weight ); background-color: #23699e; font-size: 1rem; color: #ffffff;\" href=\"tel:0709%20-%20917%20368\">0709 &#8211; 917 368<\/a><\/p><p style=\"text-align: center;\"><span style=\"color: #ffffff; font-family: var( --e-global-typography-text-font-family ), Sans-serif; font-weight: var( --e-global-typography-text-font-weight ); font-size: 1rem;\">Mobile international: +46709917368<\/span><span style=\"color: #ffffff; font-family: var( --e-global-typography-text-font-family ), Sans-serif; font-weight: var( --e-global-typography-text-font-weight ); font-size: 1rem;\">\u00a0\u00a0<\/span><\/p><p style=\"text-align: center;\"><span style=\"color: #ffffff; font-family: var( --e-global-typography-text-font-family ), Sans-serif; font-weight: var( --e-global-typography-text-font-weight ); font-size: 1rem;\">Org.nr:\u00a0<\/span><a style=\"font-family: var( --e-global-typography-text-font-family ), Sans-serif; font-weight: var( --e-global-typography-text-font-weight ); background-color: #23699e; font-size: 1rem; color: #ffffff;\" href=\"tel:559093-3171\">559093-3171<\/a><\/p>\t\t\t\t\t\t<\/div>\n\t\t\t\t<\/div>\n\t\t\t\t<div class=\"elementor-element elementor-element-847e3c8 elementor-widget elementor-widget-image\" data-id=\"847e3c8\" data-element_type=\"widget\" data-widget_type=\"image.default\">\n\t\t\t\t<div class=\"elementor-widget-container\">\n\t\t\t\t\t\t\t\t\t\t\t\t\t\t<a href=\"https:\/\/ssjb.se\/medlemsforteckning\/\">\n\t\t\t\t\t\t\t<img decoding=\"async\" width=\"102\" height=\"116\" src=\"https:\/\/www.2jurister.se\/wp-content\/uploads\/2024\/10\/sjb.png\" class=\"attachment-large size-large wp-image-283\" alt=\"\" srcset=\"https:\/\/www.2jurister.se\/wp-content\/uploads\/2024\/10\/sjb.png 102w, https:\/\/www.2jurister.se\/wp-content\/uploads\/2024\/10\/sjb-53x60.png 53w\" sizes=\"(max-width: 102px) 100vw, 102px\" \/>\t\t\t\t\t\t\t\t<\/a>\n\t\t\t\t\t\t\t\t\t\t\t\t\t<\/div>\n\t\t\t\t<\/div>\n\t\t\t\t<\/div>\n\t\t\t\t\t<\/div>\n\t\t\t\t<\/div>\n\t\t<div class=\"elementor-element elementor-element-fbce607 e-flex e-con-boxed e-con e-parent\" data-id=\"fbce607\" data-element_type=\"container\">\n\t\t\t\t\t<div class=\"e-con-inner\">\n\t\t\t\t\t<\/div>\n\t\t\t\t<\/div>\n\t\t\t\t<\/div>\n\t\t","protected":false},"excerpt":{"rendered":"<p>V\u00e4lkommen att h\u00f6ra av dig! Skicka ett meddelande s\u00e5 \u00e5terkommer vi n\u00e4sta arbetsdag. Tillsammans reder vi ut om \u2013 och hur \u2013 vi kan hj\u00e4lpa dig. KONTAKTA OSS Peter@2jurister.seTelefon: 0709 \u2013 917 368 Mobile international: +46709917368 Ruuthsbov\u00e4gen 8271 91 Ystad Org.nr. 559093-3171 PETER@2JURISTER.SE 2JURISTER AB \u2013 BYR\u00c5N F\u00d6R HELA LIVET\u00a0 Telefon:\u00a00709 &#8211; 917 368 Mobile [&hellip;]<\/p>\n","protected":false},"author":1,"featured_media":27,"parent":0,"menu_order":0,"comment_status":"closed","ping_status":"closed","template":"","meta":{"footnotes":""},"class_list":["post-272","page","type-page","status-publish","has-post-thumbnail","hentry"],"_links":{"self":[{"href":"https:\/\/www.2jurister.se\/index.php?rest_route=\/wp\/v2\/pages\/272","targetHints":{"allow":["GET"]}}],"collection":[{"href":"https:\/\/www.2jurister.se\/index.php?rest_route=\/wp\/v2\/pages"}],"about":[{"href":"https:\/\/www.2jurister.se\/index.php?rest_route=\/wp\/v2\/types\/page"}],"author":[{"embeddable":true,"href":"https:\/\/www.2jurister.se\/index.php?rest_route=\/wp\/v2\/users\/1"}],"replies":[{"embeddable":true,"href":"https:\/\/www.2jurister.se\/index.php?rest_route=%2Fwp%2Fv2%2Fcomments&post=272"}],"version-history":[{"count":147,"href":"https:\/\/www.2jurister.se\/index.php?rest_route=\/wp\/v2\/pages\/272\/revisions"}],"predecessor-version":[{"id":805,"href":"https:\/\/www.2jurister.se\/index.php?rest_route=\/wp\/v2\/pages\/272\/revisions\/805"}],"wp:featuredmedia":[{"embeddable":true,"href":"https:\/\/www.2jurister.se\/index.php?rest_route=\/wp\/v2\/media\/27"}],"wp:attachment":[{"href":"https:\/\/www.2jurister.se\/index.php?rest_route=%2Fwp%2Fv2%2Fmedia&parent=272"}],"curies":[{"name":"wp","href":"https:\/\/api.w.org\/{rel}","templated":true}]}}