{"id":11,"date":"2024-10-25T16:15:24","date_gmt":"2024-10-25T14:15:24","guid":{"rendered":"http:\/\/www.2jurister.se\/?page_id=11"},"modified":"2025-03-20T19:08:55","modified_gmt":"2025-03-20T18:08:55","slug":"vadkostardet","status":"publish","type":"page","link":"https:\/\/www.2jurister.se\/?page_id=11","title":{"rendered":"Vad kostar det?"},"content":{"rendered":"\t\t<div data-elementor-type=\"wp-page\" data-elementor-id=\"11\" class=\"elementor elementor-11\">\n\t\t\t\t<div class=\"elementor-element elementor-element-f95c670 elementor-hidden-tablet elementor-hidden-mobile e-flex e-con-boxed e-con e-parent\" data-id=\"f95c670\" data-element_type=\"container\" data-settings=\"{&quot;background_background&quot;:&quot;slideshow&quot;,&quot;background_slideshow_gallery&quot;:[{&quot;id&quot;:512,&quot;url&quot;:&quot;https:\\\/\\\/www.2jurister.se\\\/wp-content\\\/uploads\\\/2024\\\/11\\\/vadkostar.png&quot;}],&quot;background_slideshow_loop&quot;:&quot;yes&quot;,&quot;background_slideshow_slide_duration&quot;:5000,&quot;background_slideshow_slide_transition&quot;:&quot;fade&quot;,&quot;background_slideshow_transition_duration&quot;:500}\">\n\t\t\t\t\t<div class=\"e-con-inner\">\n\t\t\t\t\t<\/div>\n\t\t\t\t<\/div>\n\t\t<div class=\"elementor-element elementor-element-881dc14 e-flex e-con-boxed e-con e-parent\" data-id=\"881dc14\" data-element_type=\"container\">\n\t\t\t\t\t<div class=\"e-con-inner\">\n\t\t\t\t<div class=\"elementor-element elementor-element-419b7b9 elementor-widget elementor-widget-text-editor\" data-id=\"419b7b9\" data-element_type=\"widget\" data-widget_type=\"text-editor.default\">\n\t\t\t\t<div class=\"elementor-widget-container\">\n\t\t\t\t\t\t\t<h1 class=\"text-align-center\" style=\"text-align: center;\">V\u00e5ra arvoden samt r\u00e4ttsskydd<br \/>och r\u00e4ttshj\u00e4lp<\/h1>\t\t\t\t\t\t<\/div>\n\t\t\t\t<\/div>\n\t\t\t\t\t<\/div>\n\t\t\t\t<\/div>\n\t\t<div class=\"elementor-element elementor-element-31cc1c8c e-flex e-con-boxed e-con e-parent\" data-id=\"31cc1c8c\" data-element_type=\"container\">\n\t\t\t\t\t<div class=\"e-con-inner\">\n\t\t\t\t<div class=\"elementor-element elementor-element-724a5e27 elementor-widget elementor-widget-text-editor\" data-id=\"724a5e27\" data-element_type=\"widget\" data-widget_type=\"text-editor.default\">\n\t\t\t\t<div class=\"elementor-widget-container\">\n\t\t\t\t\t\t\t<div class=\"sqs-html-content\"><h3 class=\"text-align-center\" style=\"text-align: center;\">Du \u00e4r alltid v\u00e4lkommen att ta kontakt med oss via telefon eller e-post om du beh\u00f6ver v\u00e5r hj\u00e4lp i ett \u00e4rende.<\/h3><h3 class=\"text-align-center\" style=\"text-align: center;\">Det f\u00f6rsta samtalet \u00e4r alltid kostnadsfritt!<\/h3><\/div><hr \/><h3 class=\"sqs-html-content\" style=\"text-align: center;\">\u00a0<\/h3>\t\t\t\t\t\t<\/div>\n\t\t\t\t<\/div>\n\t\t\t\t\t<\/div>\n\t\t\t\t<\/div>\n\t\t<div class=\"elementor-element elementor-element-b7982bf e-flex e-con-boxed e-con e-parent\" data-id=\"b7982bf\" data-element_type=\"container\">\n\t\t\t\t\t<div class=\"e-con-inner\">\n\t\t\t\t<div class=\"elementor-element elementor-element-f67d6c8 elementor-widget elementor-widget-text-editor\" data-id=\"f67d6c8\" data-element_type=\"widget\" data-widget_type=\"text-editor.default\">\n\t\t\t\t<div class=\"elementor-widget-container\">\n\t\t\t\t\t\t\t<p>Under v\u00e5rt f\u00f6rsta samtal pratar vi ut\u00f6ver f\u00f6ruts\u00e4ttningar i ditt \u00e4rende \u00e4ven om hur mycket v\u00e5rt arbete kommer kosta dig.\u00a0<\/p><p>I v\u00e5rt arbete str\u00e4var vi alltid efter att h\u00e5lla nere kostnaden f\u00f6r klienten och vi fakturerar bara f\u00f6r effektiv arbetstid. Arvodet skall vara sk\u00e4ligt utifr\u00e5n uppdragets omfattning, art, sv\u00e5righetsgrad samt arbetets resultat. Innan vi p\u00e5b\u00f6rjar uppdraget kommer du f\u00e5 skriftlig information om arvodet f\u00f6r just ditt \u00e4rende.<\/p><p>Vi f\u00f6r alltid l\u00f6pande redog\u00f6relse \u00f6ver arbetstiden som vi redovisar f\u00f6r dig.\u00a0<\/p><p>Allt f\u00f6r att du skall kunna k\u00e4nna dig trygg \u00f6ver vad det kommer kosta.<\/p><p style=\"text-align: left;\"><strong>R\u00e4ttsskydd<\/strong><br \/>I m\u00e5nga fall finns det \u00e4ven m\u00f6jlighet att ans\u00f6ka om r\u00e4ttsskydd i din hemf\u00f6rs\u00e4kring. R\u00e4ttsskyddet brukar t\u00e4cka cirka 80% av ombudskostnaderna i processen.<\/p><p style=\"text-align: left;\">Vi ber\u00e4ttar g\u00e4rna mer om dina m\u00f6jligheter att f\u00e5 r\u00e4ttsskydd och vi hj\u00e4lper dig \u00e4ven med att ans\u00f6ka om detta hos ditt f\u00f6rs\u00e4kringsbolag .<\/p><p style=\"text-align: left;\"><strong>R\u00e4ttshj\u00e4lp<\/strong><br \/>Om din \u00e5rsinkomst understiger 260 000 kronor kan du i m\u00e5nga fall ha r\u00e4tt till statligt ekonomiskt st\u00f6d vid tvist f\u00f6r dina kostnader f\u00f6r juridiskt ombud. Domstolen g\u00f6r en behovspr\u00f6vning och du betalar sj\u00e4lv endast en viss procent baserat p\u00e5 din inkomst.<\/p><p style=\"text-align: left;\">Vi ber\u00e4ttar g\u00e4rna mer om dina m\u00f6jligheter och hj\u00e4lper dig \u00e4ven att ans\u00f6ka om r\u00e4ttshj\u00e4lp.<\/p>\t\t\t\t\t\t<\/div>\n\t\t\t\t<\/div>\n\t\t\t\t\t<\/div>\n\t\t\t\t<\/div>\n\t\t<div class=\"elementor-element elementor-element-ac06215 e-flex e-con-boxed e-con e-parent\" data-id=\"ac06215\" data-element_type=\"container\" data-settings=\"{&quot;background_background&quot;:&quot;classic&quot;}\">\n\t\t\t\t\t<div class=\"e-con-inner\">\n\t\t<div class=\"elementor-element elementor-element-dc6045b e-con-full e-flex e-con e-child\" data-id=\"dc6045b\" data-element_type=\"container\" data-settings=\"{&quot;background_background&quot;:&quot;classic&quot;}\">\n\t\t\t\t<div class=\"elementor-element elementor-element-7c36061 elementor-widget elementor-widget-text-editor\" data-id=\"7c36061\" data-element_type=\"widget\" data-widget_type=\"text-editor.default\">\n\t\t\t\t<div class=\"elementor-widget-container\">\n\t\t\t\t\t\t\t<p style=\"text-align: center;\"><span style=\"color: #ffffff;\">PETER@2JURISTER.SE<\/span><\/p>\t\t\t\t\t\t<\/div>\n\t\t\t\t<\/div>\n\t\t\t\t<div class=\"elementor-element elementor-element-0ba0d88 elementor-widget elementor-widget-text-editor\" data-id=\"0ba0d88\" data-element_type=\"widget\" data-widget_type=\"text-editor.default\">\n\t\t\t\t<div class=\"elementor-widget-container\">\n\t\t\t\t\t\t\t<p style=\"text-align: center;\"><span style=\"color: #ffffff;\">2JURISTER AB \u2013 BYR\u00c5N F\u00d6R HELA LIVET&nbsp;<\/span><\/p>\n<p style=\"text-align: center;\"><span style=\"color: #ffffff;\">Telefon:&nbsp;<a style=\"color: #ffffff;\" href=\"tel:0709%20-%20917%20368\">0709 &#8211; 917 368<\/a>&nbsp;<\/span><\/p><p style=\"text-align: center;\"><span style=\"color: rgb(255, 255, 255);\">Mobile international: +46709917368<\/span><span style=\"color: #ffffff;\"><\/span><\/p>\n<p style=\"text-align: center;\"><span style=\"color: #ffffff;\">Org.nr:.&nbsp;<a style=\"color: #ffffff;\" href=\"tel:559093-3171\">559093-3171<\/a><\/span><\/p>\t\t\t\t\t\t<\/div>\n\t\t\t\t<\/div>\n\t\t\t\t<div class=\"elementor-element elementor-element-ddbd7bc elementor-widget elementor-widget-image\" data-id=\"ddbd7bc\" data-element_type=\"widget\" data-widget_type=\"image.default\">\n\t\t\t\t<div class=\"elementor-widget-container\">\n\t\t\t\t\t\t\t\t\t\t\t\t\t\t<a href=\"https:\/\/ssjb.se\/medlemsforteckning\/\">\n\t\t\t\t\t\t\t<img decoding=\"async\" width=\"102\" height=\"116\" src=\"https:\/\/www.2jurister.se\/wp-content\/uploads\/2024\/10\/sjb.png\" class=\"attachment-large size-large wp-image-283\" alt=\"\" srcset=\"https:\/\/www.2jurister.se\/wp-content\/uploads\/2024\/10\/sjb.png 102w, https:\/\/www.2jurister.se\/wp-content\/uploads\/2024\/10\/sjb-53x60.png 53w\" sizes=\"(max-width: 102px) 100vw, 102px\" \/>\t\t\t\t\t\t\t\t<\/a>\n\t\t\t\t\t\t\t\t\t\t\t\t\t<\/div>\n\t\t\t\t<\/div>\n\t\t\t\t<\/div>\n\t\t\t\t\t<\/div>\n\t\t\t\t<\/div>\n\t\t\t\t<\/div>\n\t\t","protected":false},"excerpt":{"rendered":"<p>V\u00e5ra arvoden samt r\u00e4ttsskyddoch r\u00e4ttshj\u00e4lp Du \u00e4r alltid v\u00e4lkommen att ta kontakt med oss via telefon eller e-post om du beh\u00f6ver v\u00e5r hj\u00e4lp i ett \u00e4rende. Det f\u00f6rsta samtalet \u00e4r alltid kostnadsfritt! \u00a0 Under v\u00e5rt f\u00f6rsta samtal pratar vi ut\u00f6ver f\u00f6ruts\u00e4ttningar i ditt \u00e4rende \u00e4ven om hur mycket v\u00e5rt arbete kommer kosta dig.\u00a0 I v\u00e5rt [&hellip;]<\/p>\n","protected":false},"author":2,"featured_media":0,"parent":0,"menu_order":0,"comment_status":"closed","ping_status":"closed","template":"","meta":{"footnotes":""},"class_list":["post-11","page","type-page","status-publish","hentry"],"_links":{"self":[{"href":"https:\/\/www.2jurister.se\/index.php?rest_route=\/wp\/v2\/pages\/11","targetHints":{"allow":["GET"]}}],"collection":[{"href":"https:\/\/www.2jurister.se\/index.php?rest_route=\/wp\/v2\/pages"}],"about":[{"href":"https:\/\/www.2jurister.se\/index.php?rest_route=\/wp\/v2\/types\/page"}],"author":[{"embeddable":true,"href":"https:\/\/www.2jurister.se\/index.php?rest_route=\/wp\/v2\/users\/2"}],"replies":[{"embeddable":true,"href":"https:\/\/www.2jurister.se\/index.php?rest_route=%2Fwp%2Fv2%2Fcomments&post=11"}],"version-history":[{"count":36,"href":"https:\/\/www.2jurister.se\/index.php?rest_route=\/wp\/v2\/pages\/11\/revisions"}],"predecessor-version":[{"id":797,"href":"https:\/\/www.2jurister.se\/index.php?rest_route=\/wp\/v2\/pages\/11\/revisions\/797"}],"wp:attachment":[{"href":"https:\/\/www.2jurister.se\/index.php?rest_route=%2Fwp%2Fv2%2Fmedia&parent=11"}],"curies":[{"name":"wp","href":"https:\/\/api.w.org\/{rel}","templated":true}]}}